{"id":585,"date":"2020-10-13T11:31:30","date_gmt":"2020-10-13T09:31:30","guid":{"rendered":"https:\/\/apneemotion.com\/metropole\/?post_type=product&#038;p=585"},"modified":"2025-11-21T19:48:10","modified_gmt":"2025-11-21T18:48:10","slug":"stage-apnee-enfant","status":"publish","type":"product","link":"https:\/\/apneemotion.com\/metropole\/produit\/stage-apnee-enfant\/","title":{"rendered":"Stage enfant 3 jours"},"content":{"rendered":"","protected":false},"excerpt":{"rendered":"<p>Activit\u00e9 ludique et originale \u00e0 proximit\u00e9 de Toulon dans le Var, l&rsquo;apn\u00e9e vous transporte dans la d\u00e9couverte de sens nouveaux et garanti un moment d&rsquo;\u00e9vasion de qualit\u00e9!<\/p>\n","protected":false},"featured_media":721,"comment_status":"open","ping_status":"closed","template":"","meta":[],"product_cat":[18,34],"product_tag":[],"class_list":{"0":"post-585","1":"product","2":"type-product","3":"status-publish","4":"has-post-thumbnail","6":"product_cat-formations","7":"product_cat-formations-enfants","9":"first","10":"instock","11":"sold-individually","12":"shipping-taxable","13":"purchasable","14":"product-type-simple"},"yoast_head":"<!-- This site is optimized with the Yoast SEO plugin v22.8 - https:\/\/yoast.com\/wordpress\/plugins\/seo\/ -->\n<title>Stage d&#039; Apn\u00e9e enfant \u00e0 Toulon - Saint Mandrier sur mer (Var 83)<\/title>\n<meta name=\"description\" content=\"D\u00e9couvrez les stages d&#039;apn\u00e9e enfant en mer sur Toulon\/Saint-Mandrier. Accompagn\u00e9 par un professionnel. Activit\u00e9 sportive dans le Var.\" \/>\n<meta name=\"robots\" content=\"index, follow, max-snippet:-1, max-image-preview:large, max-video-preview:-1\" \/>\n<link rel=\"canonical\" href=\"https:\/\/apneemotion.com\/metropole\/produit\/stage-apnee-enfant\/\" \/>\n<meta property=\"og:locale\" content=\"fr_FR\" \/>\n<meta property=\"og:type\" content=\"article\" \/>\n<meta property=\"og:title\" content=\"Stage d&#039; Apn\u00e9e enfant \u00e0 Toulon - Saint Mandrier sur mer (Var 83)\" \/>\n<meta property=\"og:description\" content=\"D\u00e9couvrez les stages d&#039;apn\u00e9e enfant en mer sur Toulon\/Saint-Mandrier. Accompagn\u00e9 par un professionnel. Activit\u00e9 sportive dans le Var.\" \/>\n<meta property=\"og:url\" content=\"https:\/\/apneemotion.com\/metropole\/produit\/stage-apnee-enfant\/\" \/>\n<meta property=\"og:site_name\" content=\"apn\u00e9emotion M\u00e9tropole\" \/>\n<meta property=\"article:publisher\" content=\"https:\/\/www.facebook.com\/Apneemotion-1388137021339215\" \/>\n<meta property=\"article:modified_time\" content=\"2025-11-21T18:48:10+00:00\" \/>\n<meta property=\"og:image\" content=\"https:\/\/apneemotion.com\/metropole\/wp-content\/uploads\/sites\/2\/2020\/10\/stage-junior-3-jours-1.jpg\" \/>\n\t<meta property=\"og:image:width\" content=\"1920\" \/>\n\t<meta property=\"og:image:height\" content=\"1080\" \/>\n\t<meta property=\"og:image:type\" content=\"image\/jpeg\" \/>\n<meta name=\"twitter:card\" content=\"summary_large_image\" \/>\n<script type=\"application\/ld+json\" class=\"yoast-schema-graph\">{\"@context\":\"https:\/\/schema.org\",\"@graph\":[{\"@type\":\"WebPage\",\"@id\":\"https:\/\/apneemotion.com\/metropole\/produit\/stage-apnee-enfant\/\",\"url\":\"https:\/\/apneemotion.com\/metropole\/produit\/stage-apnee-enfant\/\",\"name\":\"Stage d' Apn\u00e9e enfant \u00e0 Toulon - Saint Mandrier sur mer (Var 83)\",\"isPartOf\":{\"@id\":\"https:\/\/apneemotion.com\/metropole\/#website\"},\"primaryImageOfPage\":{\"@id\":\"https:\/\/apneemotion.com\/metropole\/produit\/stage-apnee-enfant\/#primaryimage\"},\"image\":{\"@id\":\"https:\/\/apneemotion.com\/metropole\/produit\/stage-apnee-enfant\/#primaryimage\"},\"thumbnailUrl\":\"https:\/\/apneemotion.com\/metropole\/wp-content\/uploads\/sites\/2\/2020\/10\/stage-junior-3-jours-1.jpg\",\"datePublished\":\"2020-10-13T09:31:30+00:00\",\"dateModified\":\"2025-11-21T18:48:10+00:00\",\"description\":\"D\u00e9couvrez les stages d'apn\u00e9e enfant en mer sur Toulon\/Saint-Mandrier. Accompagn\u00e9 par un professionnel. Activit\u00e9 sportive dans le Var.\",\"breadcrumb\":{\"@id\":\"https:\/\/apneemotion.com\/metropole\/produit\/stage-apnee-enfant\/#breadcrumb\"},\"inLanguage\":\"fr-FR\",\"potentialAction\":[{\"@type\":\"ReadAction\",\"target\":[\"https:\/\/apneemotion.com\/metropole\/produit\/stage-apnee-enfant\/\"]}]},{\"@type\":\"ImageObject\",\"inLanguage\":\"fr-FR\",\"@id\":\"https:\/\/apneemotion.com\/metropole\/produit\/stage-apnee-enfant\/#primaryimage\",\"url\":\"https:\/\/apneemotion.com\/metropole\/wp-content\/uploads\/sites\/2\/2020\/10\/stage-junior-3-jours-1.jpg\",\"contentUrl\":\"https:\/\/apneemotion.com\/metropole\/wp-content\/uploads\/sites\/2\/2020\/10\/stage-junior-3-jours-1.jpg\",\"width\":1920,\"height\":1080},{\"@type\":\"BreadcrumbList\",\"@id\":\"https:\/\/apneemotion.com\/metropole\/produit\/stage-apnee-enfant\/#breadcrumb\",\"itemListElement\":[{\"@type\":\"ListItem\",\"position\":1,\"name\":\"Accueil\",\"item\":\"https:\/\/apneemotion.com\/metropole\/\"},{\"@type\":\"ListItem\",\"position\":2,\"name\":\"Boutique\",\"item\":\"https:\/\/apneemotion.com\/metropole\/stage-apnee-var-toulon-saint-mandrier-sur-mer\/\"},{\"@type\":\"ListItem\",\"position\":3,\"name\":\"Stage enfant 3 jours\"}]},{\"@type\":\"WebSite\",\"@id\":\"https:\/\/apneemotion.com\/metropole\/#website\",\"url\":\"https:\/\/apneemotion.com\/metropole\/\",\"name\":\"apn\u00e9emotion M\u00e9tropole\",\"description\":\"L&#039;Ecole d&#039;Apn\u00e9e Loisir\",\"publisher\":{\"@id\":\"https:\/\/apneemotion.com\/metropole\/#organization\"},\"potentialAction\":[{\"@type\":\"SearchAction\",\"target\":{\"@type\":\"EntryPoint\",\"urlTemplate\":\"https:\/\/apneemotion.com\/metropole\/?s={search_term_string}\"},\"query-input\":\"required name=search_term_string\"}],\"inLanguage\":\"fr-FR\"},{\"@type\":\"Organization\",\"@id\":\"https:\/\/apneemotion.com\/metropole\/#organization\",\"name\":\"Apneemotion\",\"url\":\"https:\/\/apneemotion.com\/metropole\/\",\"logo\":{\"@type\":\"ImageObject\",\"inLanguage\":\"fr-FR\",\"@id\":\"https:\/\/apneemotion.com\/metropole\/#\/schema\/logo\/image\/\",\"url\":\"https:\/\/apneemotion.com\/metropole\/wp-content\/uploads\/sites\/2\/2021\/06\/Apneemotion-v1.1.png\",\"contentUrl\":\"https:\/\/apneemotion.com\/metropole\/wp-content\/uploads\/sites\/2\/2021\/06\/Apneemotion-v1.1.png\",\"width\":1643,\"height\":1643,\"caption\":\"Apneemotion\"},\"image\":{\"@id\":\"https:\/\/apneemotion.com\/metropole\/#\/schema\/logo\/image\/\"},\"sameAs\":[\"https:\/\/www.facebook.com\/Apneemotion-1388137021339215\",\"https:\/\/www.instagram.com\/apneemotion\/?hl=fr\",\"https:\/\/www.youtube.com\/channel\/UCioYxHdExZd7i6b1mKj8trQ\"]}]}<\/script>\n<!-- \/ Yoast SEO plugin. -->","yoast_head_json":{"title":"Stage d' Apn\u00e9e enfant \u00e0 Toulon - Saint Mandrier sur mer (Var 83)","description":"D\u00e9couvrez les stages d'apn\u00e9e enfant en mer sur Toulon\/Saint-Mandrier. Accompagn\u00e9 par un professionnel. Activit\u00e9 sportive dans le Var.","robots":{"index":"index","follow":"follow","max-snippet":"max-snippet:-1","max-image-preview":"max-image-preview:large","max-video-preview":"max-video-preview:-1"},"canonical":"https:\/\/apneemotion.com\/metropole\/produit\/stage-apnee-enfant\/","og_locale":"fr_FR","og_type":"article","og_title":"Stage d' Apn\u00e9e enfant \u00e0 Toulon - Saint Mandrier sur mer (Var 83)","og_description":"D\u00e9couvrez les stages d'apn\u00e9e enfant en mer sur Toulon\/Saint-Mandrier. Accompagn\u00e9 par un professionnel. Activit\u00e9 sportive dans le Var.","og_url":"https:\/\/apneemotion.com\/metropole\/produit\/stage-apnee-enfant\/","og_site_name":"apn\u00e9emotion M\u00e9tropole","article_publisher":"https:\/\/www.facebook.com\/Apneemotion-1388137021339215","article_modified_time":"2025-11-21T18:48:10+00:00","og_image":[{"width":1920,"height":1080,"url":"https:\/\/apneemotion.com\/metropole\/wp-content\/uploads\/sites\/2\/2020\/10\/stage-junior-3-jours-1.jpg","type":"image\/jpeg"}],"twitter_card":"summary_large_image","schema":{"@context":"https:\/\/schema.org","@graph":[{"@type":"WebPage","@id":"https:\/\/apneemotion.com\/metropole\/produit\/stage-apnee-enfant\/","url":"https:\/\/apneemotion.com\/metropole\/produit\/stage-apnee-enfant\/","name":"Stage d' Apn\u00e9e enfant \u00e0 Toulon - Saint Mandrier sur mer (Var 83)","isPartOf":{"@id":"https:\/\/apneemotion.com\/metropole\/#website"},"primaryImageOfPage":{"@id":"https:\/\/apneemotion.com\/metropole\/produit\/stage-apnee-enfant\/#primaryimage"},"image":{"@id":"https:\/\/apneemotion.com\/metropole\/produit\/stage-apnee-enfant\/#primaryimage"},"thumbnailUrl":"https:\/\/apneemotion.com\/metropole\/wp-content\/uploads\/sites\/2\/2020\/10\/stage-junior-3-jours-1.jpg","datePublished":"2020-10-13T09:31:30+00:00","dateModified":"2025-11-21T18:48:10+00:00","description":"D\u00e9couvrez les stages d'apn\u00e9e enfant en mer sur Toulon\/Saint-Mandrier. Accompagn\u00e9 par un professionnel. Activit\u00e9 sportive dans le Var.","breadcrumb":{"@id":"https:\/\/apneemotion.com\/metropole\/produit\/stage-apnee-enfant\/#breadcrumb"},"inLanguage":"fr-FR","potentialAction":[{"@type":"ReadAction","target":["https:\/\/apneemotion.com\/metropole\/produit\/stage-apnee-enfant\/"]}]},{"@type":"ImageObject","inLanguage":"fr-FR","@id":"https:\/\/apneemotion.com\/metropole\/produit\/stage-apnee-enfant\/#primaryimage","url":"https:\/\/apneemotion.com\/metropole\/wp-content\/uploads\/sites\/2\/2020\/10\/stage-junior-3-jours-1.jpg","contentUrl":"https:\/\/apneemotion.com\/metropole\/wp-content\/uploads\/sites\/2\/2020\/10\/stage-junior-3-jours-1.jpg","width":1920,"height":1080},{"@type":"BreadcrumbList","@id":"https:\/\/apneemotion.com\/metropole\/produit\/stage-apnee-enfant\/#breadcrumb","itemListElement":[{"@type":"ListItem","position":1,"name":"Accueil","item":"https:\/\/apneemotion.com\/metropole\/"},{"@type":"ListItem","position":2,"name":"Boutique","item":"https:\/\/apneemotion.com\/metropole\/stage-apnee-var-toulon-saint-mandrier-sur-mer\/"},{"@type":"ListItem","position":3,"name":"Stage enfant 3 jours"}]},{"@type":"WebSite","@id":"https:\/\/apneemotion.com\/metropole\/#website","url":"https:\/\/apneemotion.com\/metropole\/","name":"apn\u00e9emotion M\u00e9tropole","description":"L&#039;Ecole d&#039;Apn\u00e9e Loisir","publisher":{"@id":"https:\/\/apneemotion.com\/metropole\/#organization"},"potentialAction":[{"@type":"SearchAction","target":{"@type":"EntryPoint","urlTemplate":"https:\/\/apneemotion.com\/metropole\/?s={search_term_string}"},"query-input":"required name=search_term_string"}],"inLanguage":"fr-FR"},{"@type":"Organization","@id":"https:\/\/apneemotion.com\/metropole\/#organization","name":"Apneemotion","url":"https:\/\/apneemotion.com\/metropole\/","logo":{"@type":"ImageObject","inLanguage":"fr-FR","@id":"https:\/\/apneemotion.com\/metropole\/#\/schema\/logo\/image\/","url":"https:\/\/apneemotion.com\/metropole\/wp-content\/uploads\/sites\/2\/2021\/06\/Apneemotion-v1.1.png","contentUrl":"https:\/\/apneemotion.com\/metropole\/wp-content\/uploads\/sites\/2\/2021\/06\/Apneemotion-v1.1.png","width":1643,"height":1643,"caption":"Apneemotion"},"image":{"@id":"https:\/\/apneemotion.com\/metropole\/#\/schema\/logo\/image\/"},"sameAs":["https:\/\/www.facebook.com\/Apneemotion-1388137021339215","https:\/\/www.instagram.com\/apneemotion\/?hl=fr","https:\/\/www.youtube.com\/channel\/UCioYxHdExZd7i6b1mKj8trQ"]}]}},"_links":{"self":[{"href":"https:\/\/apneemotion.com\/metropole\/wp-json\/wp\/v2\/product\/585","targetHints":{"allow":["GET"]}}],"collection":[{"href":"https:\/\/apneemotion.com\/metropole\/wp-json\/wp\/v2\/product"}],"about":[{"href":"https:\/\/apneemotion.com\/metropole\/wp-json\/wp\/v2\/types\/product"}],"replies":[{"embeddable":true,"href":"https:\/\/apneemotion.com\/metropole\/wp-json\/wp\/v2\/comments?post=585"}],"wp:featuredmedia":[{"embeddable":true,"href":"https:\/\/apneemotion.com\/metropole\/wp-json\/wp\/v2\/media\/721"}],"wp:attachment":[{"href":"https:\/\/apneemotion.com\/metropole\/wp-json\/wp\/v2\/media?parent=585"}],"wp:term":[{"taxonomy":"product_cat","embeddable":true,"href":"https:\/\/apneemotion.com\/metropole\/wp-json\/wp\/v2\/product_cat?post=585"},{"taxonomy":"product_tag","embeddable":true,"href":"https:\/\/apneemotion.com\/metropole\/wp-json\/wp\/v2\/product_tag?post=585"}],"curies":[{"name":"wp","href":"https:\/\/api.w.org\/{rel}","templated":true}]}}

<p>Activité ludique et originale à proximité de Toulon dans le Var, l&rsquo;apnée vous transporte dans la découverte de sens nouveaux et garanti un moment d&rsquo;évasion de qualité!</p>

<!-- This site is optimized with the Yoast SEO plugin v22.8 - https://yoast.com/wordpress/plugins/seo/ -->
<title>Stage d&#039; Apnée enfant à Toulon - Saint Mandrier sur mer (Var 83)</title>
<meta name="description" content="Découvrez les stages d&#039;apnée enfant en mer sur Toulon/Saint-Mandrier. Accompagné par un professionnel. Activité sportive dans le Var." />
<meta name="robots" content="index, follow, max-snippet:-1, max-image-preview:large, max-video-preview:-1" />
<link rel="canonical" href="https://apneemotion.com/metropole/produit/stage-apnee-enfant/" />
<meta property="og:locale" content="fr_FR" />
<meta property="og:type" content="article" />
<meta property="og:title" content="Stage d&#039; Apnée enfant à Toulon - Saint Mandrier sur mer (Var 83)" />
<meta property="og:description" content="Découvrez les stages d&#039;apnée enfant en mer sur Toulon/Saint-Mandrier. Accompagné par un professionnel. Activité sportive dans le Var." />
<meta property="og:url" content="https://apneemotion.com/metropole/produit/stage-apnee-enfant/" />
<meta property="og:site_name" content="apnéemotion Métropole" />
<meta property="article:publisher" content="https://www.facebook.com/Apneemotion-1388137021339215" />
<meta property="article:modified_time" content="2025-11-21T18:48:10+00:00" />
<meta property="og:image" content="https://apneemotion.com/metropole/wp-content/uploads/sites/2/2020/10/stage-junior-3-jours-1.jpg" />
	<meta property="og:image:width" content="1920" />
	<meta property="og:image:height" content="1080" />
	<meta property="og:image:type" content="image/jpeg" />
<meta name="twitter:card" content="summary_large_image" />
<script type="application/ld+json" class="yoast-schema-graph">{"@context":"https://schema.org","@graph":[{"@type":"WebPage","@id":"https://apneemotion.com/metropole/produit/stage-apnee-enfant/","url":"https://apneemotion.com/metropole/produit/stage-apnee-enfant/","name":"Stage d' Apnée enfant à Toulon - Saint Mandrier sur mer (Var 83)","isPartOf":{"@id":"https://apneemotion.com/metropole/#website"},"primaryImageOfPage":{"@id":"https://apneemotion.com/metropole/produit/stage-apnee-enfant/#primaryimage"},"image":{"@id":"https://apneemotion.com/metropole/produit/stage-apnee-enfant/#primaryimage"},"thumbnailUrl":"https://apneemotion.com/metropole/wp-content/uploads/sites/2/2020/10/stage-junior-3-jours-1.jpg","datePublished":"2020-10-13T09:31:30+00:00","dateModified":"2025-11-21T18:48:10+00:00","description":"Découvrez les stages d'apnée enfant en mer sur Toulon/Saint-Mandrier. Accompagné par un professionnel. Activité sportive dans le Var.","breadcrumb":{"@id":"https://apneemotion.com/metropole/produit/stage-apnee-enfant/#breadcrumb"},"inLanguage":"fr-FR","potentialAction":[{"@type":"ReadAction","target":["https://apneemotion.com/metropole/produit/stage-apnee-enfant/"]}]},{"@type":"ImageObject","inLanguage":"fr-FR","@id":"https://apneemotion.com/metropole/produit/stage-apnee-enfant/#primaryimage","url":"https://apneemotion.com/metropole/wp-content/uploads/sites/2/2020/10/stage-junior-3-jours-1.jpg","contentUrl":"https://apneemotion.com/metropole/wp-content/uploads/sites/2/2020/10/stage-junior-3-jours-1.jpg","width":1920,"height":1080},{"@type":"BreadcrumbList","@id":"https://apneemotion.com/metropole/produit/stage-apnee-enfant/#breadcrumb","itemListElement":[{"@type":"ListItem","position":1,"name":"Accueil","item":"https://apneemotion.com/metropole/"},{"@type":"ListItem","position":2,"name":"Boutique","item":"https://apneemotion.com/metropole/stage-apnee-var-toulon-saint-mandrier-sur-mer/"},{"@type":"ListItem","position":3,"name":"Stage enfant 3 jours"}]},{"@type":"WebSite","@id":"https://apneemotion.com/metropole/#website","url":"https://apneemotion.com/metropole/","name":"apnéemotion Métropole","description":"L&#039;Ecole d&#039;Apnée Loisir","publisher":{"@id":"https://apneemotion.com/metropole/#organization"},"potentialAction":[{"@type":"SearchAction","target":{"@type":"EntryPoint","urlTemplate":"https://apneemotion.com/metropole/?s={search_term_string}"},"query-input":"required name=search_term_string"}],"inLanguage":"fr-FR"},{"@type":"Organization","@id":"https://apneemotion.com/metropole/#organization","name":"Apneemotion","url":"https://apneemotion.com/metropole/","logo":{"@type":"ImageObject","inLanguage":"fr-FR","@id":"https://apneemotion.com/metropole/#/schema/logo/image/","url":"https://apneemotion.com/metropole/wp-content/uploads/sites/2/2021/06/Apneemotion-v1.1.png","contentUrl":"https://apneemotion.com/metropole/wp-content/uploads/sites/2/2021/06/Apneemotion-v1.1.png","width":1643,"height":1643,"caption":"Apneemotion"},"image":{"@id":"https://apneemotion.com/metropole/#/schema/logo/image/"},"sameAs":["https://www.facebook.com/Apneemotion-1388137021339215","https://www.instagram.com/apneemotion/?hl=fr","https://www.youtube.com/channel/UCioYxHdExZd7i6b1mKj8trQ"]}]}</script>
<!-- / Yoast SEO plugin. -->

Stage d' Apnée enfant à Toulon - Saint Mandrier sur mer (Var 83)

Découvrez les stages d'apnée enfant en mer sur Toulon/Saint-Mandrier. Accompagné par un professionnel. Activité sportive dans le Var.

apnéemotion Métropole

L&#039;Ecole d&#039;Apnée Loisir
