{"id":3676,"date":"2025-05-27T23:44:48","date_gmt":"2025-05-27T21:44:48","guid":{"rendered":"https:\/\/apneemotion.com\/metropole\/?post_type=product&#038;p=3676"},"modified":"2025-08-27T21:52:06","modified_gmt":"2025-08-27T19:52:06","slug":"deep-training-entrainement-profondeur-100metres","status":"publish","type":"product","link":"https:\/\/apneemotion.com\/metropole\/produit\/deep-training-entrainement-profondeur-100metres\/","title":{"rendered":"DEEP TRAINING \/ APNEE PROFONDE"},"content":{"rendered":"","protected":false},"excerpt":{"rendered":"","protected":false},"featured_media":4569,"comment_status":"open","ping_status":"closed","template":"","meta":[],"product_cat":[19,36],"product_tag":[],"class_list":{"0":"post-3676","1":"product","2":"type-product","3":"status-publish","4":"has-post-thumbnail","6":"product_cat-entrainements","7":"product_cat-particuliers","9":"first","10":"instock","11":"shipping-taxable","12":"purchasable","13":"product-type-simple"},"yoast_head":"<!-- This site is optimized with the Yoast SEO plugin v22.8 - https:\/\/yoast.com\/wordpress\/plugins\/seo\/ -->\n<title>Entra\u00eenement apn\u00e9e profonde \u00e0 100 m\u00e8tres \u00e0 Saint Mandrier sur mer<\/title>\n<meta name=\"description\" content=\"D\u00e9couvrez l&#039;apn\u00e9e \u00e0 plus de 100 m\u00e8tres de profondeur \u00e0 Saint-Mandrier sur mer. Accompagn\u00e9 par un professionnel. Activit\u00e9 sportive dans le Var.\" \/>\n<meta name=\"robots\" content=\"index, follow, max-snippet:-1, max-image-preview:large, max-video-preview:-1\" \/>\n<link rel=\"canonical\" href=\"https:\/\/apneemotion.com\/metropole\/produit\/deep-training-entrainement-profondeur-100metres\/\" \/>\n<meta property=\"og:locale\" content=\"fr_FR\" \/>\n<meta property=\"og:type\" content=\"article\" \/>\n<meta property=\"og:title\" content=\"Entra\u00eenement apn\u00e9e profonde \u00e0 100 m\u00e8tres \u00e0 Saint Mandrier sur mer\" \/>\n<meta property=\"og:description\" content=\"D\u00e9couvrez l&#039;apn\u00e9e \u00e0 plus de 100 m\u00e8tres de profondeur \u00e0 Saint-Mandrier sur mer. Accompagn\u00e9 par un professionnel. Activit\u00e9 sportive dans le Var.\" \/>\n<meta property=\"og:url\" content=\"https:\/\/apneemotion.com\/metropole\/produit\/deep-training-entrainement-profondeur-100metres\/\" \/>\n<meta property=\"og:site_name\" content=\"apn\u00e9emotion M\u00e9tropole\" \/>\n<meta property=\"article:publisher\" content=\"https:\/\/www.facebook.com\/Apneemotion-1388137021339215\" \/>\n<meta property=\"article:modified_time\" content=\"2025-08-27T19:52:06+00:00\" \/>\n<meta property=\"og:image\" content=\"https:\/\/apneemotion.com\/metropole\/wp-content\/uploads\/sites\/2\/2025\/05\/Screenshot_20250827-214928.png\" \/>\n\t<meta property=\"og:image:width\" content=\"1080\" \/>\n\t<meta property=\"og:image:height\" content=\"1694\" \/>\n\t<meta property=\"og:image:type\" content=\"image\/png\" \/>\n<meta name=\"twitter:card\" content=\"summary_large_image\" \/>\n<script type=\"application\/ld+json\" class=\"yoast-schema-graph\">{\"@context\":\"https:\/\/schema.org\",\"@graph\":[{\"@type\":\"WebPage\",\"@id\":\"https:\/\/apneemotion.com\/metropole\/produit\/deep-training-entrainement-profondeur-100metres\/\",\"url\":\"https:\/\/apneemotion.com\/metropole\/produit\/deep-training-entrainement-profondeur-100metres\/\",\"name\":\"Entra\u00eenement apn\u00e9e profonde \u00e0 100 m\u00e8tres \u00e0 Saint Mandrier sur mer\",\"isPartOf\":{\"@id\":\"https:\/\/apneemotion.com\/metropole\/#website\"},\"primaryImageOfPage\":{\"@id\":\"https:\/\/apneemotion.com\/metropole\/produit\/deep-training-entrainement-profondeur-100metres\/#primaryimage\"},\"image\":{\"@id\":\"https:\/\/apneemotion.com\/metropole\/produit\/deep-training-entrainement-profondeur-100metres\/#primaryimage\"},\"thumbnailUrl\":\"https:\/\/apneemotion.com\/metropole\/wp-content\/uploads\/sites\/2\/2025\/05\/Screenshot_20250827-214928.png\",\"datePublished\":\"2025-05-27T21:44:48+00:00\",\"dateModified\":\"2025-08-27T19:52:06+00:00\",\"description\":\"D\u00e9couvrez l'apn\u00e9e \u00e0 plus de 100 m\u00e8tres de profondeur \u00e0 Saint-Mandrier sur mer. Accompagn\u00e9 par un professionnel. Activit\u00e9 sportive dans le Var.\",\"breadcrumb\":{\"@id\":\"https:\/\/apneemotion.com\/metropole\/produit\/deep-training-entrainement-profondeur-100metres\/#breadcrumb\"},\"inLanguage\":\"fr-FR\",\"potentialAction\":[{\"@type\":\"ReadAction\",\"target\":[\"https:\/\/apneemotion.com\/metropole\/produit\/deep-training-entrainement-profondeur-100metres\/\"]}]},{\"@type\":\"ImageObject\",\"inLanguage\":\"fr-FR\",\"@id\":\"https:\/\/apneemotion.com\/metropole\/produit\/deep-training-entrainement-profondeur-100metres\/#primaryimage\",\"url\":\"https:\/\/apneemotion.com\/metropole\/wp-content\/uploads\/sites\/2\/2025\/05\/Screenshot_20250827-214928.png\",\"contentUrl\":\"https:\/\/apneemotion.com\/metropole\/wp-content\/uploads\/sites\/2\/2025\/05\/Screenshot_20250827-214928.png\",\"width\":1080,\"height\":1694},{\"@type\":\"BreadcrumbList\",\"@id\":\"https:\/\/apneemotion.com\/metropole\/produit\/deep-training-entrainement-profondeur-100metres\/#breadcrumb\",\"itemListElement\":[{\"@type\":\"ListItem\",\"position\":1,\"name\":\"Accueil\",\"item\":\"https:\/\/apneemotion.com\/metropole\/\"},{\"@type\":\"ListItem\",\"position\":2,\"name\":\"Boutique\",\"item\":\"https:\/\/apneemotion.com\/metropole\/stage-apnee-var-toulon-saint-mandrier-sur-mer\/\"},{\"@type\":\"ListItem\",\"position\":3,\"name\":\"DEEP TRAINING \/ APNEE PROFONDE\"}]},{\"@type\":\"WebSite\",\"@id\":\"https:\/\/apneemotion.com\/metropole\/#website\",\"url\":\"https:\/\/apneemotion.com\/metropole\/\",\"name\":\"apn\u00e9emotion M\u00e9tropole\",\"description\":\"L&#039;Ecole d&#039;Apn\u00e9e Loisir\",\"publisher\":{\"@id\":\"https:\/\/apneemotion.com\/metropole\/#organization\"},\"potentialAction\":[{\"@type\":\"SearchAction\",\"target\":{\"@type\":\"EntryPoint\",\"urlTemplate\":\"https:\/\/apneemotion.com\/metropole\/?s={search_term_string}\"},\"query-input\":\"required name=search_term_string\"}],\"inLanguage\":\"fr-FR\"},{\"@type\":\"Organization\",\"@id\":\"https:\/\/apneemotion.com\/metropole\/#organization\",\"name\":\"Apneemotion\",\"url\":\"https:\/\/apneemotion.com\/metropole\/\",\"logo\":{\"@type\":\"ImageObject\",\"inLanguage\":\"fr-FR\",\"@id\":\"https:\/\/apneemotion.com\/metropole\/#\/schema\/logo\/image\/\",\"url\":\"https:\/\/apneemotion.com\/metropole\/wp-content\/uploads\/sites\/2\/2021\/06\/Apneemotion-v1.1.png\",\"contentUrl\":\"https:\/\/apneemotion.com\/metropole\/wp-content\/uploads\/sites\/2\/2021\/06\/Apneemotion-v1.1.png\",\"width\":1643,\"height\":1643,\"caption\":\"Apneemotion\"},\"image\":{\"@id\":\"https:\/\/apneemotion.com\/metropole\/#\/schema\/logo\/image\/\"},\"sameAs\":[\"https:\/\/www.facebook.com\/Apneemotion-1388137021339215\",\"https:\/\/www.instagram.com\/apneemotion\/?hl=fr\",\"https:\/\/www.youtube.com\/channel\/UCioYxHdExZd7i6b1mKj8trQ\"]}]}<\/script>\n<!-- \/ Yoast SEO plugin. -->","yoast_head_json":{"title":"Entra\u00eenement apn\u00e9e profonde \u00e0 100 m\u00e8tres \u00e0 Saint Mandrier sur mer","description":"D\u00e9couvrez l'apn\u00e9e \u00e0 plus de 100 m\u00e8tres de profondeur \u00e0 Saint-Mandrier sur mer. Accompagn\u00e9 par un professionnel. Activit\u00e9 sportive dans le Var.","robots":{"index":"index","follow":"follow","max-snippet":"max-snippet:-1","max-image-preview":"max-image-preview:large","max-video-preview":"max-video-preview:-1"},"canonical":"https:\/\/apneemotion.com\/metropole\/produit\/deep-training-entrainement-profondeur-100metres\/","og_locale":"fr_FR","og_type":"article","og_title":"Entra\u00eenement apn\u00e9e profonde \u00e0 100 m\u00e8tres \u00e0 Saint Mandrier sur mer","og_description":"D\u00e9couvrez l'apn\u00e9e \u00e0 plus de 100 m\u00e8tres de profondeur \u00e0 Saint-Mandrier sur mer. Accompagn\u00e9 par un professionnel. Activit\u00e9 sportive dans le Var.","og_url":"https:\/\/apneemotion.com\/metropole\/produit\/deep-training-entrainement-profondeur-100metres\/","og_site_name":"apn\u00e9emotion M\u00e9tropole","article_publisher":"https:\/\/www.facebook.com\/Apneemotion-1388137021339215","article_modified_time":"2025-08-27T19:52:06+00:00","og_image":[{"width":1080,"height":1694,"url":"https:\/\/apneemotion.com\/metropole\/wp-content\/uploads\/sites\/2\/2025\/05\/Screenshot_20250827-214928.png","type":"image\/png"}],"twitter_card":"summary_large_image","schema":{"@context":"https:\/\/schema.org","@graph":[{"@type":"WebPage","@id":"https:\/\/apneemotion.com\/metropole\/produit\/deep-training-entrainement-profondeur-100metres\/","url":"https:\/\/apneemotion.com\/metropole\/produit\/deep-training-entrainement-profondeur-100metres\/","name":"Entra\u00eenement apn\u00e9e profonde \u00e0 100 m\u00e8tres \u00e0 Saint Mandrier sur mer","isPartOf":{"@id":"https:\/\/apneemotion.com\/metropole\/#website"},"primaryImageOfPage":{"@id":"https:\/\/apneemotion.com\/metropole\/produit\/deep-training-entrainement-profondeur-100metres\/#primaryimage"},"image":{"@id":"https:\/\/apneemotion.com\/metropole\/produit\/deep-training-entrainement-profondeur-100metres\/#primaryimage"},"thumbnailUrl":"https:\/\/apneemotion.com\/metropole\/wp-content\/uploads\/sites\/2\/2025\/05\/Screenshot_20250827-214928.png","datePublished":"2025-05-27T21:44:48+00:00","dateModified":"2025-08-27T19:52:06+00:00","description":"D\u00e9couvrez l'apn\u00e9e \u00e0 plus de 100 m\u00e8tres de profondeur \u00e0 Saint-Mandrier sur mer. Accompagn\u00e9 par un professionnel. Activit\u00e9 sportive dans le Var.","breadcrumb":{"@id":"https:\/\/apneemotion.com\/metropole\/produit\/deep-training-entrainement-profondeur-100metres\/#breadcrumb"},"inLanguage":"fr-FR","potentialAction":[{"@type":"ReadAction","target":["https:\/\/apneemotion.com\/metropole\/produit\/deep-training-entrainement-profondeur-100metres\/"]}]},{"@type":"ImageObject","inLanguage":"fr-FR","@id":"https:\/\/apneemotion.com\/metropole\/produit\/deep-training-entrainement-profondeur-100metres\/#primaryimage","url":"https:\/\/apneemotion.com\/metropole\/wp-content\/uploads\/sites\/2\/2025\/05\/Screenshot_20250827-214928.png","contentUrl":"https:\/\/apneemotion.com\/metropole\/wp-content\/uploads\/sites\/2\/2025\/05\/Screenshot_20250827-214928.png","width":1080,"height":1694},{"@type":"BreadcrumbList","@id":"https:\/\/apneemotion.com\/metropole\/produit\/deep-training-entrainement-profondeur-100metres\/#breadcrumb","itemListElement":[{"@type":"ListItem","position":1,"name":"Accueil","item":"https:\/\/apneemotion.com\/metropole\/"},{"@type":"ListItem","position":2,"name":"Boutique","item":"https:\/\/apneemotion.com\/metropole\/stage-apnee-var-toulon-saint-mandrier-sur-mer\/"},{"@type":"ListItem","position":3,"name":"DEEP TRAINING \/ APNEE PROFONDE"}]},{"@type":"WebSite","@id":"https:\/\/apneemotion.com\/metropole\/#website","url":"https:\/\/apneemotion.com\/metropole\/","name":"apn\u00e9emotion M\u00e9tropole","description":"L&#039;Ecole d&#039;Apn\u00e9e Loisir","publisher":{"@id":"https:\/\/apneemotion.com\/metropole\/#organization"},"potentialAction":[{"@type":"SearchAction","target":{"@type":"EntryPoint","urlTemplate":"https:\/\/apneemotion.com\/metropole\/?s={search_term_string}"},"query-input":"required name=search_term_string"}],"inLanguage":"fr-FR"},{"@type":"Organization","@id":"https:\/\/apneemotion.com\/metropole\/#organization","name":"Apneemotion","url":"https:\/\/apneemotion.com\/metropole\/","logo":{"@type":"ImageObject","inLanguage":"fr-FR","@id":"https:\/\/apneemotion.com\/metropole\/#\/schema\/logo\/image\/","url":"https:\/\/apneemotion.com\/metropole\/wp-content\/uploads\/sites\/2\/2021\/06\/Apneemotion-v1.1.png","contentUrl":"https:\/\/apneemotion.com\/metropole\/wp-content\/uploads\/sites\/2\/2021\/06\/Apneemotion-v1.1.png","width":1643,"height":1643,"caption":"Apneemotion"},"image":{"@id":"https:\/\/apneemotion.com\/metropole\/#\/schema\/logo\/image\/"},"sameAs":["https:\/\/www.facebook.com\/Apneemotion-1388137021339215","https:\/\/www.instagram.com\/apneemotion\/?hl=fr","https:\/\/www.youtube.com\/channel\/UCioYxHdExZd7i6b1mKj8trQ"]}]}},"_links":{"self":[{"href":"https:\/\/apneemotion.com\/metropole\/wp-json\/wp\/v2\/product\/3676","targetHints":{"allow":["GET"]}}],"collection":[{"href":"https:\/\/apneemotion.com\/metropole\/wp-json\/wp\/v2\/product"}],"about":[{"href":"https:\/\/apneemotion.com\/metropole\/wp-json\/wp\/v2\/types\/product"}],"replies":[{"embeddable":true,"href":"https:\/\/apneemotion.com\/metropole\/wp-json\/wp\/v2\/comments?post=3676"}],"wp:featuredmedia":[{"embeddable":true,"href":"https:\/\/apneemotion.com\/metropole\/wp-json\/wp\/v2\/media\/4569"}],"wp:attachment":[{"href":"https:\/\/apneemotion.com\/metropole\/wp-json\/wp\/v2\/media?parent=3676"}],"wp:term":[{"taxonomy":"product_cat","embeddable":true,"href":"https:\/\/apneemotion.com\/metropole\/wp-json\/wp\/v2\/product_cat?post=3676"},{"taxonomy":"product_tag","embeddable":true,"href":"https:\/\/apneemotion.com\/metropole\/wp-json\/wp\/v2\/product_tag?post=3676"}],"curies":[{"name":"wp","href":"https:\/\/api.w.org\/{rel}","templated":true}]}}