{"id":2000,"date":"2023-07-11T23:56:13","date_gmt":"2023-07-11T21:56:13","guid":{"rendered":"https:\/\/apneemotion.com\/metropole\/?post_type=product&#038;p=2000"},"modified":"2024-07-04T16:25:08","modified_gmt":"2024-07-04T14:25:08","slug":"epave-mediterranee-scooter-sous-marin","status":"publish","type":"product","link":"https:\/\/apneemotion.com\/metropole\/produit\/epave-mediterranee-scooter-sous-marin\/","title":{"rendered":"Sortie \u00e9pave en scooter"},"content":{"rendered":"","protected":false},"excerpt":{"rendered":"<p>Activit\u00e9 ludique et originale \u00e0 proximit\u00e9 de Toulon et Giens, le propulseur sous marin vous transporte dans la d\u00e9couverte de sens nouveaux et garanti un moment d&rsquo;\u00e9vasion de qualit\u00e9 !<\/p>\n","protected":false},"featured_media":2001,"comment_status":"open","ping_status":"closed","template":"","meta":[],"product_cat":[20],"product_tag":[],"class_list":{"0":"post-2000","1":"product","2":"type-product","3":"status-publish","4":"has-post-thumbnail","6":"product_cat-fun-dive","8":"first","9":"instock","10":"shipping-taxable","11":"purchasable","12":"product-type-simple"},"yoast_head":"<!-- This site is optimized with the Yoast SEO plugin v22.8 - https:\/\/yoast.com\/wordpress\/plugins\/seo\/ -->\n<title>d\u00e9couvrez les \u00e9paves des deux fr\u00e8res \u00e0 Port Cros<\/title>\n<meta name=\"description\" content=\"D\u00e9couvrez les plus belles \u00e9paves de M\u00e9diterran\u00e9e avec un scooter sous marin lefeet S1 pro. Activit\u00e9 sportive entre cap Sici\u00e9 et Porquerolles\" \/>\n<meta name=\"robots\" content=\"index, follow, max-snippet:-1, max-image-preview:large, max-video-preview:-1\" \/>\n<link rel=\"canonical\" href=\"https:\/\/apneemotion.com\/metropole\/produit\/epave-mediterranee-scooter-sous-marin\/\" \/>\n<meta property=\"og:locale\" content=\"fr_FR\" \/>\n<meta property=\"og:type\" content=\"article\" \/>\n<meta property=\"og:title\" content=\"d\u00e9couvrez les \u00e9paves des deux fr\u00e8res \u00e0 Port Cros\" \/>\n<meta property=\"og:description\" content=\"D\u00e9couvrez les plus belles \u00e9paves de M\u00e9diterran\u00e9e avec un scooter sous marin lefeet S1 pro. Activit\u00e9 sportive entre cap Sici\u00e9 et Porquerolles\" \/>\n<meta property=\"og:url\" content=\"https:\/\/apneemotion.com\/metropole\/produit\/epave-mediterranee-scooter-sous-marin\/\" \/>\n<meta property=\"og:site_name\" content=\"apn\u00e9emotion M\u00e9tropole\" \/>\n<meta property=\"article:publisher\" content=\"https:\/\/www.facebook.com\/Apneemotion-1388137021339215\" \/>\n<meta property=\"article:modified_time\" content=\"2024-07-04T14:25:08+00:00\" \/>\n<meta property=\"og:image\" content=\"https:\/\/apneemotion.com\/metropole\/wp-content\/uploads\/sites\/2\/2023\/07\/Capture.png\" \/>\n\t<meta property=\"og:image:width\" content=\"887\" \/>\n\t<meta property=\"og:image:height\" content=\"887\" \/>\n\t<meta property=\"og:image:type\" content=\"image\/png\" \/>\n<meta name=\"twitter:card\" content=\"summary_large_image\" \/>\n<script type=\"application\/ld+json\" class=\"yoast-schema-graph\">{\"@context\":\"https:\/\/schema.org\",\"@graph\":[{\"@type\":\"WebPage\",\"@id\":\"https:\/\/apneemotion.com\/metropole\/produit\/epave-mediterranee-scooter-sous-marin\/\",\"url\":\"https:\/\/apneemotion.com\/metropole\/produit\/epave-mediterranee-scooter-sous-marin\/\",\"name\":\"d\u00e9couvrez les \u00e9paves des deux fr\u00e8res \u00e0 Port Cros\",\"isPartOf\":{\"@id\":\"https:\/\/apneemotion.com\/metropole\/#website\"},\"primaryImageOfPage\":{\"@id\":\"https:\/\/apneemotion.com\/metropole\/produit\/epave-mediterranee-scooter-sous-marin\/#primaryimage\"},\"image\":{\"@id\":\"https:\/\/apneemotion.com\/metropole\/produit\/epave-mediterranee-scooter-sous-marin\/#primaryimage\"},\"thumbnailUrl\":\"https:\/\/apneemotion.com\/metropole\/wp-content\/uploads\/sites\/2\/2023\/07\/Capture.png\",\"datePublished\":\"2023-07-11T21:56:13+00:00\",\"dateModified\":\"2024-07-04T14:25:08+00:00\",\"description\":\"D\u00e9couvrez les plus belles \u00e9paves de M\u00e9diterran\u00e9e avec un scooter sous marin lefeet S1 pro. Activit\u00e9 sportive entre cap Sici\u00e9 et Porquerolles\",\"breadcrumb\":{\"@id\":\"https:\/\/apneemotion.com\/metropole\/produit\/epave-mediterranee-scooter-sous-marin\/#breadcrumb\"},\"inLanguage\":\"fr-FR\",\"potentialAction\":[{\"@type\":\"ReadAction\",\"target\":[\"https:\/\/apneemotion.com\/metropole\/produit\/epave-mediterranee-scooter-sous-marin\/\"]}]},{\"@type\":\"ImageObject\",\"inLanguage\":\"fr-FR\",\"@id\":\"https:\/\/apneemotion.com\/metropole\/produit\/epave-mediterranee-scooter-sous-marin\/#primaryimage\",\"url\":\"https:\/\/apneemotion.com\/metropole\/wp-content\/uploads\/sites\/2\/2023\/07\/Capture.png\",\"contentUrl\":\"https:\/\/apneemotion.com\/metropole\/wp-content\/uploads\/sites\/2\/2023\/07\/Capture.png\",\"width\":887,\"height\":887},{\"@type\":\"BreadcrumbList\",\"@id\":\"https:\/\/apneemotion.com\/metropole\/produit\/epave-mediterranee-scooter-sous-marin\/#breadcrumb\",\"itemListElement\":[{\"@type\":\"ListItem\",\"position\":1,\"name\":\"Accueil\",\"item\":\"https:\/\/apneemotion.com\/metropole\/\"},{\"@type\":\"ListItem\",\"position\":2,\"name\":\"Boutique\",\"item\":\"https:\/\/apneemotion.com\/metropole\/stage-apnee-var-toulon-saint-mandrier-sur-mer\/\"},{\"@type\":\"ListItem\",\"position\":3,\"name\":\"Sortie \u00e9pave en scooter\"}]},{\"@type\":\"WebSite\",\"@id\":\"https:\/\/apneemotion.com\/metropole\/#website\",\"url\":\"https:\/\/apneemotion.com\/metropole\/\",\"name\":\"apn\u00e9emotion M\u00e9tropole\",\"description\":\"L&#039;Ecole d&#039;Apn\u00e9e Loisir\",\"publisher\":{\"@id\":\"https:\/\/apneemotion.com\/metropole\/#organization\"},\"potentialAction\":[{\"@type\":\"SearchAction\",\"target\":{\"@type\":\"EntryPoint\",\"urlTemplate\":\"https:\/\/apneemotion.com\/metropole\/?s={search_term_string}\"},\"query-input\":\"required name=search_term_string\"}],\"inLanguage\":\"fr-FR\"},{\"@type\":\"Organization\",\"@id\":\"https:\/\/apneemotion.com\/metropole\/#organization\",\"name\":\"Apneemotion\",\"url\":\"https:\/\/apneemotion.com\/metropole\/\",\"logo\":{\"@type\":\"ImageObject\",\"inLanguage\":\"fr-FR\",\"@id\":\"https:\/\/apneemotion.com\/metropole\/#\/schema\/logo\/image\/\",\"url\":\"https:\/\/apneemotion.com\/metropole\/wp-content\/uploads\/sites\/2\/2021\/06\/Apneemotion-v1.1.png\",\"contentUrl\":\"https:\/\/apneemotion.com\/metropole\/wp-content\/uploads\/sites\/2\/2021\/06\/Apneemotion-v1.1.png\",\"width\":1643,\"height\":1643,\"caption\":\"Apneemotion\"},\"image\":{\"@id\":\"https:\/\/apneemotion.com\/metropole\/#\/schema\/logo\/image\/\"},\"sameAs\":[\"https:\/\/www.facebook.com\/Apneemotion-1388137021339215\",\"https:\/\/www.instagram.com\/apneemotion\/?hl=fr\",\"https:\/\/www.youtube.com\/channel\/UCioYxHdExZd7i6b1mKj8trQ\"]}]}<\/script>\n<!-- \/ Yoast SEO plugin. -->","yoast_head_json":{"title":"d\u00e9couvrez les \u00e9paves des deux fr\u00e8res \u00e0 Port Cros","description":"D\u00e9couvrez les plus belles \u00e9paves de M\u00e9diterran\u00e9e avec un scooter sous marin lefeet S1 pro. Activit\u00e9 sportive entre cap Sici\u00e9 et Porquerolles","robots":{"index":"index","follow":"follow","max-snippet":"max-snippet:-1","max-image-preview":"max-image-preview:large","max-video-preview":"max-video-preview:-1"},"canonical":"https:\/\/apneemotion.com\/metropole\/produit\/epave-mediterranee-scooter-sous-marin\/","og_locale":"fr_FR","og_type":"article","og_title":"d\u00e9couvrez les \u00e9paves des deux fr\u00e8res \u00e0 Port Cros","og_description":"D\u00e9couvrez les plus belles \u00e9paves de M\u00e9diterran\u00e9e avec un scooter sous marin lefeet S1 pro. Activit\u00e9 sportive entre cap Sici\u00e9 et Porquerolles","og_url":"https:\/\/apneemotion.com\/metropole\/produit\/epave-mediterranee-scooter-sous-marin\/","og_site_name":"apn\u00e9emotion M\u00e9tropole","article_publisher":"https:\/\/www.facebook.com\/Apneemotion-1388137021339215","article_modified_time":"2024-07-04T14:25:08+00:00","og_image":[{"width":887,"height":887,"url":"https:\/\/apneemotion.com\/metropole\/wp-content\/uploads\/sites\/2\/2023\/07\/Capture.png","type":"image\/png"}],"twitter_card":"summary_large_image","schema":{"@context":"https:\/\/schema.org","@graph":[{"@type":"WebPage","@id":"https:\/\/apneemotion.com\/metropole\/produit\/epave-mediterranee-scooter-sous-marin\/","url":"https:\/\/apneemotion.com\/metropole\/produit\/epave-mediterranee-scooter-sous-marin\/","name":"d\u00e9couvrez les \u00e9paves des deux fr\u00e8res \u00e0 Port Cros","isPartOf":{"@id":"https:\/\/apneemotion.com\/metropole\/#website"},"primaryImageOfPage":{"@id":"https:\/\/apneemotion.com\/metropole\/produit\/epave-mediterranee-scooter-sous-marin\/#primaryimage"},"image":{"@id":"https:\/\/apneemotion.com\/metropole\/produit\/epave-mediterranee-scooter-sous-marin\/#primaryimage"},"thumbnailUrl":"https:\/\/apneemotion.com\/metropole\/wp-content\/uploads\/sites\/2\/2023\/07\/Capture.png","datePublished":"2023-07-11T21:56:13+00:00","dateModified":"2024-07-04T14:25:08+00:00","description":"D\u00e9couvrez les plus belles \u00e9paves de M\u00e9diterran\u00e9e avec un scooter sous marin lefeet S1 pro. Activit\u00e9 sportive entre cap Sici\u00e9 et Porquerolles","breadcrumb":{"@id":"https:\/\/apneemotion.com\/metropole\/produit\/epave-mediterranee-scooter-sous-marin\/#breadcrumb"},"inLanguage":"fr-FR","potentialAction":[{"@type":"ReadAction","target":["https:\/\/apneemotion.com\/metropole\/produit\/epave-mediterranee-scooter-sous-marin\/"]}]},{"@type":"ImageObject","inLanguage":"fr-FR","@id":"https:\/\/apneemotion.com\/metropole\/produit\/epave-mediterranee-scooter-sous-marin\/#primaryimage","url":"https:\/\/apneemotion.com\/metropole\/wp-content\/uploads\/sites\/2\/2023\/07\/Capture.png","contentUrl":"https:\/\/apneemotion.com\/metropole\/wp-content\/uploads\/sites\/2\/2023\/07\/Capture.png","width":887,"height":887},{"@type":"BreadcrumbList","@id":"https:\/\/apneemotion.com\/metropole\/produit\/epave-mediterranee-scooter-sous-marin\/#breadcrumb","itemListElement":[{"@type":"ListItem","position":1,"name":"Accueil","item":"https:\/\/apneemotion.com\/metropole\/"},{"@type":"ListItem","position":2,"name":"Boutique","item":"https:\/\/apneemotion.com\/metropole\/stage-apnee-var-toulon-saint-mandrier-sur-mer\/"},{"@type":"ListItem","position":3,"name":"Sortie \u00e9pave en scooter"}]},{"@type":"WebSite","@id":"https:\/\/apneemotion.com\/metropole\/#website","url":"https:\/\/apneemotion.com\/metropole\/","name":"apn\u00e9emotion M\u00e9tropole","description":"L&#039;Ecole d&#039;Apn\u00e9e Loisir","publisher":{"@id":"https:\/\/apneemotion.com\/metropole\/#organization"},"potentialAction":[{"@type":"SearchAction","target":{"@type":"EntryPoint","urlTemplate":"https:\/\/apneemotion.com\/metropole\/?s={search_term_string}"},"query-input":"required name=search_term_string"}],"inLanguage":"fr-FR"},{"@type":"Organization","@id":"https:\/\/apneemotion.com\/metropole\/#organization","name":"Apneemotion","url":"https:\/\/apneemotion.com\/metropole\/","logo":{"@type":"ImageObject","inLanguage":"fr-FR","@id":"https:\/\/apneemotion.com\/metropole\/#\/schema\/logo\/image\/","url":"https:\/\/apneemotion.com\/metropole\/wp-content\/uploads\/sites\/2\/2021\/06\/Apneemotion-v1.1.png","contentUrl":"https:\/\/apneemotion.com\/metropole\/wp-content\/uploads\/sites\/2\/2021\/06\/Apneemotion-v1.1.png","width":1643,"height":1643,"caption":"Apneemotion"},"image":{"@id":"https:\/\/apneemotion.com\/metropole\/#\/schema\/logo\/image\/"},"sameAs":["https:\/\/www.facebook.com\/Apneemotion-1388137021339215","https:\/\/www.instagram.com\/apneemotion\/?hl=fr","https:\/\/www.youtube.com\/channel\/UCioYxHdExZd7i6b1mKj8trQ"]}]}},"_links":{"self":[{"href":"https:\/\/apneemotion.com\/metropole\/wp-json\/wp\/v2\/product\/2000","targetHints":{"allow":["GET"]}}],"collection":[{"href":"https:\/\/apneemotion.com\/metropole\/wp-json\/wp\/v2\/product"}],"about":[{"href":"https:\/\/apneemotion.com\/metropole\/wp-json\/wp\/v2\/types\/product"}],"replies":[{"embeddable":true,"href":"https:\/\/apneemotion.com\/metropole\/wp-json\/wp\/v2\/comments?post=2000"}],"wp:featuredmedia":[{"embeddable":true,"href":"https:\/\/apneemotion.com\/metropole\/wp-json\/wp\/v2\/media\/2001"}],"wp:attachment":[{"href":"https:\/\/apneemotion.com\/metropole\/wp-json\/wp\/v2\/media?parent=2000"}],"wp:term":[{"taxonomy":"product_cat","embeddable":true,"href":"https:\/\/apneemotion.com\/metropole\/wp-json\/wp\/v2\/product_cat?post=2000"},{"taxonomy":"product_tag","embeddable":true,"href":"https:\/\/apneemotion.com\/metropole\/wp-json\/wp\/v2\/product_tag?post=2000"}],"curies":[{"name":"wp","href":"https:\/\/api.w.org\/{rel}","templated":true}]}}