{"id":5,"date":"2020-07-31T11:34:51","date_gmt":"2020-07-31T09:34:51","guid":{"rendered":"https:\/\/apneemotion.com\/martinique\/?post_type=product&#038;p=5"},"modified":"2026-01-14T23:46:25","modified_gmt":"2026-01-14T22:46:25","slug":"initiation-apnee-niveau-1","status":"publish","type":"product","link":"https:\/\/apneemotion.com\/martinique\/produit\/initiation-apnee-niveau-1\/","title":{"rendered":"Journ\u00e9e initiation"},"content":{"rendered":"","protected":false},"excerpt":{"rendered":"<p>Activit\u00e9 ludique et originale \u00e0 proximit\u00e9 des Trois Ilets en Martinique, l&rsquo;apn\u00e9e vous transporte dans la d\u00e9couverte de sens nouveaux et garanti un moment d&rsquo;\u00e9vasion de qualit\u00e9 !<\/p>\n","protected":false},"featured_media":775,"comment_status":"open","ping_status":"closed","template":"","meta":[],"product_cat":[18,33],"product_tag":[],"class_list":{"0":"post-5","1":"product","2":"type-product","3":"status-publish","4":"has-post-thumbnail","6":"product_cat-formations","7":"product_cat-formations-adultes","9":"first","10":"instock","11":"shipping-taxable","12":"purchasable","13":"product-type-simple"},"yoast_head":"<!-- This site is optimized with the Yoast SEO plugin v22.8 - https:\/\/yoast.com\/wordpress\/plugins\/seo\/ -->\n<title>Initiation apn\u00e9e en Martinique - Trois Ilets - Anses d&#039;arlet (972)<\/title>\n<meta name=\"description\" content=\"D\u00e9couvrez l&#039;initiation \u00e0 l&#039;apn\u00e9e en mer sur Trois Ilets \/ Anses d&#039;Arlet. Accompagn\u00e9 par un professionnel. Activit\u00e9 sportive en Martinique..\" \/>\n<meta name=\"robots\" content=\"index, follow, max-snippet:-1, max-image-preview:large, max-video-preview:-1\" \/>\n<link rel=\"canonical\" href=\"https:\/\/apneemotion.com\/martinique\/produit\/initiation-apnee-niveau-1\/\" \/>\n<meta property=\"og:locale\" content=\"fr_FR\" \/>\n<meta property=\"og:type\" content=\"article\" \/>\n<meta property=\"og:title\" content=\"Initiation apn\u00e9e en Martinique - Trois Ilets - Anses d&#039;arlet (972)\" \/>\n<meta property=\"og:description\" content=\"D\u00e9couvrez l&#039;initiation \u00e0 l&#039;apn\u00e9e en mer sur Trois Ilets \/ Anses d&#039;Arlet. Accompagn\u00e9 par un professionnel. Activit\u00e9 sportive en Martinique..\" \/>\n<meta property=\"og:url\" content=\"https:\/\/apneemotion.com\/martinique\/produit\/initiation-apnee-niveau-1\/\" \/>\n<meta property=\"og:site_name\" content=\"apn\u00e9emotion Martinique\" \/>\n<meta property=\"article:modified_time\" content=\"2026-01-14T22:46:25+00:00\" \/>\n<meta property=\"og:image\" content=\"https:\/\/apneemotion.com\/martinique\/wp-content\/uploads\/sites\/4\/2020\/07\/apneemotion-martinique-verticalite-scaled.jpg\" \/>\n\t<meta property=\"og:image:width\" content=\"1703\" \/>\n\t<meta property=\"og:image:height\" content=\"2560\" \/>\n\t<meta property=\"og:image:type\" content=\"image\/jpeg\" \/>\n<meta name=\"twitter:card\" content=\"summary_large_image\" \/>\n<meta name=\"twitter:label1\" content=\"Dur\u00e9e de lecture estim\u00e9e\" \/>\n\t<meta name=\"twitter:data1\" content=\"1 minute\" \/>\n<script type=\"application\/ld+json\" class=\"yoast-schema-graph\">{\"@context\":\"https:\/\/schema.org\",\"@graph\":[{\"@type\":\"WebPage\",\"@id\":\"https:\/\/apneemotion.com\/martinique\/produit\/initiation-apnee-niveau-1\/\",\"url\":\"https:\/\/apneemotion.com\/martinique\/produit\/initiation-apnee-niveau-1\/\",\"name\":\"Initiation apn\u00e9e en Martinique - Trois Ilets - Anses d'arlet (972)\",\"isPartOf\":{\"@id\":\"https:\/\/apneemotion.com\/martinique\/#website\"},\"primaryImageOfPage\":{\"@id\":\"https:\/\/apneemotion.com\/martinique\/produit\/initiation-apnee-niveau-1\/#primaryimage\"},\"image\":{\"@id\":\"https:\/\/apneemotion.com\/martinique\/produit\/initiation-apnee-niveau-1\/#primaryimage\"},\"thumbnailUrl\":\"https:\/\/apneemotion.com\/martinique\/wp-content\/uploads\/sites\/4\/2020\/07\/apneemotion-martinique-verticalite-scaled.jpg\",\"datePublished\":\"2020-07-31T09:34:51+00:00\",\"dateModified\":\"2026-01-14T22:46:25+00:00\",\"description\":\"D\u00e9couvrez l'initiation \u00e0 l'apn\u00e9e en mer sur Trois Ilets \/ Anses d'Arlet. Accompagn\u00e9 par un professionnel. Activit\u00e9 sportive en Martinique..\",\"breadcrumb\":{\"@id\":\"https:\/\/apneemotion.com\/martinique\/produit\/initiation-apnee-niveau-1\/#breadcrumb\"},\"inLanguage\":\"fr-FR\",\"potentialAction\":[{\"@type\":\"ReadAction\",\"target\":[\"https:\/\/apneemotion.com\/martinique\/produit\/initiation-apnee-niveau-1\/\"]}]},{\"@type\":\"ImageObject\",\"inLanguage\":\"fr-FR\",\"@id\":\"https:\/\/apneemotion.com\/martinique\/produit\/initiation-apnee-niveau-1\/#primaryimage\",\"url\":\"https:\/\/apneemotion.com\/martinique\/wp-content\/uploads\/sites\/4\/2020\/07\/apneemotion-martinique-verticalite-scaled.jpg\",\"contentUrl\":\"https:\/\/apneemotion.com\/martinique\/wp-content\/uploads\/sites\/4\/2020\/07\/apneemotion-martinique-verticalite-scaled.jpg\",\"width\":1703,\"height\":2560,\"caption\":\"Descente en apn\u00e9e verticale sous l'\u0153il bienveillant du moniteur\"},{\"@type\":\"BreadcrumbList\",\"@id\":\"https:\/\/apneemotion.com\/martinique\/produit\/initiation-apnee-niveau-1\/#breadcrumb\",\"itemListElement\":[{\"@type\":\"ListItem\",\"position\":1,\"name\":\"Accueil\",\"item\":\"https:\/\/apneemotion.com\/martinique\/\"},{\"@type\":\"ListItem\",\"position\":2,\"name\":\"Boutique\",\"item\":\"https:\/\/apneemotion.com\/martinique\/boutique\/\"},{\"@type\":\"ListItem\",\"position\":3,\"name\":\"Journ\u00e9e initiation\"}]},{\"@type\":\"WebSite\",\"@id\":\"https:\/\/apneemotion.com\/martinique\/#website\",\"url\":\"https:\/\/apneemotion.com\/martinique\/\",\"name\":\"apn\u00e9emotion Martinique\",\"description\":\"L&#039;Ecole d&#039;Apn\u00e9e Loisir\",\"potentialAction\":[{\"@type\":\"SearchAction\",\"target\":{\"@type\":\"EntryPoint\",\"urlTemplate\":\"https:\/\/apneemotion.com\/martinique\/?s={search_term_string}\"},\"query-input\":\"required name=search_term_string\"}],\"inLanguage\":\"fr-FR\"}]}<\/script>\n<!-- \/ Yoast SEO plugin. -->","yoast_head_json":{"title":"Initiation apn\u00e9e en Martinique - Trois Ilets - Anses d'arlet (972)","description":"D\u00e9couvrez l'initiation \u00e0 l'apn\u00e9e en mer sur Trois Ilets \/ Anses d'Arlet. Accompagn\u00e9 par un professionnel. Activit\u00e9 sportive en Martinique..","robots":{"index":"index","follow":"follow","max-snippet":"max-snippet:-1","max-image-preview":"max-image-preview:large","max-video-preview":"max-video-preview:-1"},"canonical":"https:\/\/apneemotion.com\/martinique\/produit\/initiation-apnee-niveau-1\/","og_locale":"fr_FR","og_type":"article","og_title":"Initiation apn\u00e9e en Martinique - Trois Ilets - Anses d'arlet (972)","og_description":"D\u00e9couvrez l'initiation \u00e0 l'apn\u00e9e en mer sur Trois Ilets \/ Anses d'Arlet. Accompagn\u00e9 par un professionnel. Activit\u00e9 sportive en Martinique..","og_url":"https:\/\/apneemotion.com\/martinique\/produit\/initiation-apnee-niveau-1\/","og_site_name":"apn\u00e9emotion Martinique","article_modified_time":"2026-01-14T22:46:25+00:00","og_image":[{"width":1703,"height":2560,"url":"https:\/\/apneemotion.com\/martinique\/wp-content\/uploads\/sites\/4\/2020\/07\/apneemotion-martinique-verticalite-scaled.jpg","type":"image\/jpeg"}],"twitter_card":"summary_large_image","twitter_misc":{"Dur\u00e9e de lecture estim\u00e9e":"1 minute"},"schema":{"@context":"https:\/\/schema.org","@graph":[{"@type":"WebPage","@id":"https:\/\/apneemotion.com\/martinique\/produit\/initiation-apnee-niveau-1\/","url":"https:\/\/apneemotion.com\/martinique\/produit\/initiation-apnee-niveau-1\/","name":"Initiation apn\u00e9e en Martinique - Trois Ilets - Anses d'arlet (972)","isPartOf":{"@id":"https:\/\/apneemotion.com\/martinique\/#website"},"primaryImageOfPage":{"@id":"https:\/\/apneemotion.com\/martinique\/produit\/initiation-apnee-niveau-1\/#primaryimage"},"image":{"@id":"https:\/\/apneemotion.com\/martinique\/produit\/initiation-apnee-niveau-1\/#primaryimage"},"thumbnailUrl":"https:\/\/apneemotion.com\/martinique\/wp-content\/uploads\/sites\/4\/2020\/07\/apneemotion-martinique-verticalite-scaled.jpg","datePublished":"2020-07-31T09:34:51+00:00","dateModified":"2026-01-14T22:46:25+00:00","description":"D\u00e9couvrez l'initiation \u00e0 l'apn\u00e9e en mer sur Trois Ilets \/ Anses d'Arlet. Accompagn\u00e9 par un professionnel. Activit\u00e9 sportive en Martinique..","breadcrumb":{"@id":"https:\/\/apneemotion.com\/martinique\/produit\/initiation-apnee-niveau-1\/#breadcrumb"},"inLanguage":"fr-FR","potentialAction":[{"@type":"ReadAction","target":["https:\/\/apneemotion.com\/martinique\/produit\/initiation-apnee-niveau-1\/"]}]},{"@type":"ImageObject","inLanguage":"fr-FR","@id":"https:\/\/apneemotion.com\/martinique\/produit\/initiation-apnee-niveau-1\/#primaryimage","url":"https:\/\/apneemotion.com\/martinique\/wp-content\/uploads\/sites\/4\/2020\/07\/apneemotion-martinique-verticalite-scaled.jpg","contentUrl":"https:\/\/apneemotion.com\/martinique\/wp-content\/uploads\/sites\/4\/2020\/07\/apneemotion-martinique-verticalite-scaled.jpg","width":1703,"height":2560,"caption":"Descente en apn\u00e9e verticale sous l'\u0153il bienveillant du moniteur"},{"@type":"BreadcrumbList","@id":"https:\/\/apneemotion.com\/martinique\/produit\/initiation-apnee-niveau-1\/#breadcrumb","itemListElement":[{"@type":"ListItem","position":1,"name":"Accueil","item":"https:\/\/apneemotion.com\/martinique\/"},{"@type":"ListItem","position":2,"name":"Boutique","item":"https:\/\/apneemotion.com\/martinique\/boutique\/"},{"@type":"ListItem","position":3,"name":"Journ\u00e9e initiation"}]},{"@type":"WebSite","@id":"https:\/\/apneemotion.com\/martinique\/#website","url":"https:\/\/apneemotion.com\/martinique\/","name":"apn\u00e9emotion Martinique","description":"L&#039;Ecole d&#039;Apn\u00e9e Loisir","potentialAction":[{"@type":"SearchAction","target":{"@type":"EntryPoint","urlTemplate":"https:\/\/apneemotion.com\/martinique\/?s={search_term_string}"},"query-input":"required name=search_term_string"}],"inLanguage":"fr-FR"}]}},"_links":{"self":[{"href":"https:\/\/apneemotion.com\/martinique\/wp-json\/wp\/v2\/product\/5","targetHints":{"allow":["GET"]}}],"collection":[{"href":"https:\/\/apneemotion.com\/martinique\/wp-json\/wp\/v2\/product"}],"about":[{"href":"https:\/\/apneemotion.com\/martinique\/wp-json\/wp\/v2\/types\/product"}],"replies":[{"embeddable":true,"href":"https:\/\/apneemotion.com\/martinique\/wp-json\/wp\/v2\/comments?post=5"}],"wp:featuredmedia":[{"embeddable":true,"href":"https:\/\/apneemotion.com\/martinique\/wp-json\/wp\/v2\/media\/775"}],"wp:attachment":[{"href":"https:\/\/apneemotion.com\/martinique\/wp-json\/wp\/v2\/media?parent=5"}],"wp:term":[{"taxonomy":"product_cat","embeddable":true,"href":"https:\/\/apneemotion.com\/martinique\/wp-json\/wp\/v2\/product_cat?post=5"},{"taxonomy":"product_tag","embeddable":true,"href":"https:\/\/apneemotion.com\/martinique\/wp-json\/wp\/v2\/product_tag?post=5"}],"curies":[{"name":"wp","href":"https:\/\/api.w.org\/{rel}","templated":true}]}}

Journée initiation

<p>Activité ludique et originale à proximité des Trois Ilets en Martinique, l&rsquo;apnée vous transporte dans la découverte de sens nouveaux et garanti un moment d&rsquo;évasion de qualité !</p>

<!-- This site is optimized with the Yoast SEO plugin v22.8 - https://yoast.com/wordpress/plugins/seo/ -->
<title>Initiation apnée en Martinique - Trois Ilets - Anses d&#039;arlet (972)</title>
<meta name="description" content="Découvrez l&#039;initiation à l&#039;apnée en mer sur Trois Ilets / Anses d&#039;Arlet. Accompagné par un professionnel. Activité sportive en Martinique.." />
<meta name="robots" content="index, follow, max-snippet:-1, max-image-preview:large, max-video-preview:-1" />
<link rel="canonical" href="https://apneemotion.com/martinique/produit/initiation-apnee-niveau-1/" />
<meta property="og:locale" content="fr_FR" />
<meta property="og:type" content="article" />
<meta property="og:title" content="Initiation apnée en Martinique - Trois Ilets - Anses d&#039;arlet (972)" />
<meta property="og:description" content="Découvrez l&#039;initiation à l&#039;apnée en mer sur Trois Ilets / Anses d&#039;Arlet. Accompagné par un professionnel. Activité sportive en Martinique.." />
<meta property="og:url" content="https://apneemotion.com/martinique/produit/initiation-apnee-niveau-1/" />
<meta property="og:site_name" content="apnéemotion Martinique" />
<meta property="article:modified_time" content="2026-01-14T22:46:25+00:00" />
<meta property="og:image" content="https://apneemotion.com/martinique/wp-content/uploads/sites/4/2020/07/apneemotion-martinique-verticalite-scaled.jpg" />
	<meta property="og:image:width" content="1703" />
	<meta property="og:image:height" content="2560" />
	<meta property="og:image:type" content="image/jpeg" />
<meta name="twitter:card" content="summary_large_image" />
<meta name="twitter:label1" content="Durée de lecture estimée" />
	<meta name="twitter:data1" content="1 minute" />
<script type="application/ld+json" class="yoast-schema-graph">{"@context":"https://schema.org","@graph":[{"@type":"WebPage","@id":"https://apneemotion.com/martinique/produit/initiation-apnee-niveau-1/","url":"https://apneemotion.com/martinique/produit/initiation-apnee-niveau-1/","name":"Initiation apnée en Martinique - Trois Ilets - Anses d'arlet (972)","isPartOf":{"@id":"https://apneemotion.com/martinique/#website"},"primaryImageOfPage":{"@id":"https://apneemotion.com/martinique/produit/initiation-apnee-niveau-1/#primaryimage"},"image":{"@id":"https://apneemotion.com/martinique/produit/initiation-apnee-niveau-1/#primaryimage"},"thumbnailUrl":"https://apneemotion.com/martinique/wp-content/uploads/sites/4/2020/07/apneemotion-martinique-verticalite-scaled.jpg","datePublished":"2020-07-31T09:34:51+00:00","dateModified":"2026-01-14T22:46:25+00:00","description":"Découvrez l'initiation à l'apnée en mer sur Trois Ilets / Anses d'Arlet. Accompagné par un professionnel. Activité sportive en Martinique..","breadcrumb":{"@id":"https://apneemotion.com/martinique/produit/initiation-apnee-niveau-1/#breadcrumb"},"inLanguage":"fr-FR","potentialAction":[{"@type":"ReadAction","target":["https://apneemotion.com/martinique/produit/initiation-apnee-niveau-1/"]}]},{"@type":"ImageObject","inLanguage":"fr-FR","@id":"https://apneemotion.com/martinique/produit/initiation-apnee-niveau-1/#primaryimage","url":"https://apneemotion.com/martinique/wp-content/uploads/sites/4/2020/07/apneemotion-martinique-verticalite-scaled.jpg","contentUrl":"https://apneemotion.com/martinique/wp-content/uploads/sites/4/2020/07/apneemotion-martinique-verticalite-scaled.jpg","width":1703,"height":2560,"caption":"Descente en apnée verticale sous l'œil bienveillant du moniteur"},{"@type":"BreadcrumbList","@id":"https://apneemotion.com/martinique/produit/initiation-apnee-niveau-1/#breadcrumb","itemListElement":[{"@type":"ListItem","position":1,"name":"Accueil","item":"https://apneemotion.com/martinique/"},{"@type":"ListItem","position":2,"name":"Boutique","item":"https://apneemotion.com/martinique/boutique/"},{"@type":"ListItem","position":3,"name":"Journée initiation"}]},{"@type":"WebSite","@id":"https://apneemotion.com/martinique/#website","url":"https://apneemotion.com/martinique/","name":"apnéemotion Martinique","description":"L&#039;Ecole d&#039;Apnée Loisir","potentialAction":[{"@type":"SearchAction","target":{"@type":"EntryPoint","urlTemplate":"https://apneemotion.com/martinique/?s={search_term_string}"},"query-input":"required name=search_term_string"}],"inLanguage":"fr-FR"}]}</script>
<!-- / Yoast SEO plugin. -->

Initiation apnée en Martinique - Trois Ilets - Anses d'arlet (972)

Découvrez l'initiation à l'apnée en mer sur Trois Ilets / Anses d'Arlet. Accompagné par un professionnel. Activité sportive en Martinique..

apnéemotion Martinique

Descente en apnée verticale sous l'œil bienveillant du moniteur

L&#039;Ecole d&#039;Apnée Loisir
